{"id":55,"date":"2012-10-08T23:06:13","date_gmt":"2012-10-08T23:06:13","guid":{"rendered":"http:\/\/zentyal.dermuch.com\/wordpress\/?page_id=55"},"modified":"2020-07-06T10:37:30","modified_gmt":"2020-07-06T08:37:30","slug":"kontakt","status":"publish","type":"page","link":"https:\/\/www1.dermuch.com\/?page_id=55","title":{"rendered":"Kontakt"},"content":{"rendered":"<p>&nbsp;<\/p>\n<p>Tonschmiede \u2013 Der Much<br \/>\n\u201cDie Tonschmiede\u201d Ing. Michael Tuschek GmbH<br \/>\nKohlgasse 45\/4-6<br \/>\nEingang Gie\u00dfaufgasse 6<br \/>\nA 1050 Wien<br \/>\nMobil: <a href=\"tel:+436763179422\">+43 676 3179422<\/a><br \/>\n<a href=\"mailto:Tonschmiede%20Der%20Much%20%3Coffice@dermuch.com%3E\">office@dermuch.com<\/a><br \/>\nwww.dermuch.com<\/p>\n<p><img loading=\"lazy\" decoding=\"async\" src=\"https:\/\/www1.dermuch.com\/wp-content\/uploads\/blk_org_270_4031.jpg\" alt=\"DerMuch\" align=\"right\" width=\"270\" height=\"403\" \/><br \/>\nGesch\u00e4ftsf\u00fchrer: Michael Tuschek<br \/>\nFirmenbuchnummer: FN 324395 b<br \/>\nUID-Nummer: ATU64814909<br \/>\nKontoverbindung: Raiffeisenlandesbank N\u00d6-Wien, BLZ 32000, Kto.Nr. 10.343.341<br \/>\nBIC: RLNWATWW<br \/>\nIBAN: AT783200000010343341<\/p>\n","protected":false},"excerpt":{"rendered":"<p>&nbsp; Tonschmiede \u2013 Der Much \u201cDie Tonschmiede\u201d Ing. Michael Tuschek GmbH Kohlgasse 45\/4-6 Eingang Gie\u00dfaufgasse 6 A 1050 Wien Mobil: +43 676 3179422 office@dermuch.com www.dermuch.com Gesch\u00e4ftsf\u00fchrer: Michael Tuschek Firmenbuchnummer: FN 324395 b UID-Nummer: ATU64814909 Kontoverbindung: Raiffeisenlandesbank N\u00d6-Wien, BLZ 32000, Kto.Nr. 10.343.341 BIC: RLNWATWW IBAN: AT783200000010343341<\/p>\n<p class=\"continue-reading-button\"> <a class=\"continue-reading-link\" href=\"https:\/\/www1.dermuch.com\/?page_id=55\">Continue reading<i class=\"crycon-right-dir\"><\/i><\/a><\/p>\n","protected":false},"author":1,"featured_media":0,"parent":0,"menu_order":7,"comment_status":"closed","ping_status":"closed","template":"","meta":{"footnotes":""},"class_list":["post-55","page","type-page","status-publish","hentry"],"_links":{"self":[{"href":"https:\/\/www1.dermuch.com\/index.php?rest_route=\/wp\/v2\/pages\/55","targetHints":{"allow":["GET"]}}],"collection":[{"href":"https:\/\/www1.dermuch.com\/index.php?rest_route=\/wp\/v2\/pages"}],"about":[{"href":"https:\/\/www1.dermuch.com\/index.php?rest_route=\/wp\/v2\/types\/page"}],"author":[{"embeddable":true,"href":"https:\/\/www1.dermuch.com\/index.php?rest_route=\/wp\/v2\/users\/1"}],"replies":[{"embeddable":true,"href":"https:\/\/www1.dermuch.com\/index.php?rest_route=%2Fwp%2Fv2%2Fcomments&post=55"}],"version-history":[{"count":38,"href":"https:\/\/www1.dermuch.com\/index.php?rest_route=\/wp\/v2\/pages\/55\/revisions"}],"predecessor-version":[{"id":641,"href":"https:\/\/www1.dermuch.com\/index.php?rest_route=\/wp\/v2\/pages\/55\/revisions\/641"}],"wp:attachment":[{"href":"https:\/\/www1.dermuch.com\/index.php?rest_route=%2Fwp%2Fv2%2Fmedia&parent=55"}],"curies":[{"name":"wp","href":"https:\/\/api.w.org\/{rel}","templated":true}]}}